 -2*g + 1336, 3*r - 2427 = -5*g. List the prime factors of g.
3, 163
Suppose 2*z - 19 + 3 = 0. Suppose 0 = 13*w - z*w - 5*x - 555, -3*w - 3*x + 333 = 0. List the prime factors of w - 1 - (1 + -2)*-4.
2, 53
Let f(u) = 3*u - 84. Let q be f(28). Suppose q = -7*a + a + 2340. What are the prime factors of a?
2, 3, 5, 13
Let i(x) = -2*x - 29. Suppose 3*u = 5*s - 70, 0 = -4*s + 3*s + 3*u + 14. Let r be i(s). Let k = r + 142. List the prime factors of k.
5, 17
Let z(c) = c**3 + 5*c**2 + 13*c + 7. Let d be z(-2). Let r(w) = -w - 7. Let v be r(-3). What are the prime factors of 1 + (-330)/v + d/14?
83
Suppose -3*h + 0*h = 0. Let n(k) = 2*k + 84. Let l(w) = w - 6. Let d(o) = -3*l(o) + n(o). List the prime factors of d(h).
2, 3, 17
Let i(d) = d**2 + 8*d + 11. Let y(k) = 5*k**2 + 32*k + 46. Let n(b) = 9*i(b) - 2*y(b). List the prime factors of n(6).
19
Let s(a) = 13377*a - 753. List the prime factors of s(1).
2, 3, 263
Let d = 24631 + -13036. List the prime factors of d.
3, 5, 773
Let w be (2/(-12))/((-22)/132). Suppose u + 4*d = 5*d + 61, d = -w. List the prime factors of u.
2, 3, 5
Let q = 147 + -77. Let m = 69 - q. List the prime factors of m/(-3)*(105 + -2 + -1).
2, 17
Let y(r) = -482*r - 219. List the prime factors of y(-18).
3, 2819
What are the prime factors of (-5)/110*6 - 747585/(-495)?
2, 5, 151
Suppose 6 = 7*a - 8. Suppose 0 = -a*u - 5*j + 1364, -2*u + 1378 = 35*j - 37*j. List the prime factors of u.
3, 229
Suppose x = 416 - 418. What are the prime factors of (1645 - (-3 + 0)) + 0 + x?
2, 823
Let v be -2 - ((10 - 6) + 5/(-1)). List the prime factors of 0*v/2 - -558.
2, 3, 31
Suppose 5*h + 4*f = -60, -2*h + 2*f - 58 + 34 = 0. What are the prime factors of (h/8)/(30/(-7460))?
373
Let c(f) = f**3 - 63*f**2 + 14*f + 42. Let r be c(29). What are the prime factors of (-1)/10 - r/60?
7, 67
Suppose 0 = -2*z + 1835 - 5. Suppose -v = 14*v + z. List the prime factors of v*(0 - (-5 + 9)).
2, 61
Suppose 11604 = -308*g + 310*g. List the prime factors of g.
2, 3, 967
Let k = -168 + 78. Let h = 283 + k. What are the prime factors of h?
193
Let m = -27 + 32. Suppose 0*x + m*x = 115. Suppose -27*h + 492 = -x*h. List the prime factors of h.
3, 41
Let n be -2*(18/4)/(-9). Let g be n + 2*(-1)/(-2). Let v(r) = 62*r - 11. What are the prime factors of v(g)?
113
Let g be (2 - 1) + 50*12. Suppose k + 5*m - 201 = 3*m, -g = -3*k - 4*m. List the prime factors of k.
199
Suppose 0 = v - 5*m + 10 + 1, 2*v + 2*m = 14. Suppose -4*s - 2*t = -5448, 0 = v*s - 0*s - t - 5436. List the prime factors of s/70 + (-4)/(-7).
2, 5
Suppose 3*j - 155 = -4*h, 2*j + j + 5*h - 160 = 0. Suppose 24576 = j*l - 13*l. What are the prime factors of l?
2, 3
Suppose 207*l = 214*l + 812. Let q(k) = k**3 + 6*k**2 + 6*k + 3. Let p be q(-5). Let i = p - l. What are the prime factors of i?
2, 3, 19
What are the prime factors of 1061160/(-40)*(-4)/6?
2, 37, 239
Suppose 67*b + 9 = 68*b. Suppose 0 = -10*v + v + b. List the prime factors of 193/v - (-1 - 0).
2, 97
Suppose -k - 4*k - 36587 = -171102. What are the prime factors of k?
26903
Let t(q) = -q**3 - 10*q**2 + 3*q - 18. Let r(y) = 20 - 3 + 20 + 8*y. Let c be r(-6). List the prime factors of t(c).
2, 5, 7
Let m = -2 - -12. Let z(j) = 36*j + 5. Let q(h) = -67*h - 11. Let a(r) = -4*q(r) - 7*z(r). What are the prime factors of a(m)?
13
Suppose t = -19 + 23. Suppose t*l = 2694 - 974. What are the prime factors of l?
2, 5, 43
Let a(z) = 4*z**2 - 2*z - 2. Let f be -1 - (-23 + (-8)/(-2)). Suppose -4*v = -7*v - f. What are the prime factors of a(v)?
2, 7, 11
Let o be (6030/(-25))/((-3)/60 + 0). Suppose 0 = -8*x + 4*x + 4, -o = -3*g - 3*x. List the prime factors of g.
1607
Suppose 3*d + 4*l = 1972, -4*l = -2*d - 5*l + 1308. Suppose n + 2*h - 128 = 0, 5*n + 7*h - 9*h - d = 0. What are the prime factors of n?
2, 5, 13
Suppose -7*i - 24 = -13*i. Suppose 5*d + 3*a = 4*a - i, 3*d + 20 = 5*a. What are the prime factors of 19*(d - 1)*-4?
2, 19
Suppose 0 = -2*h + 4*z + 15 + 7, 0 = -3*h - 4*z + 3. Suppose 5*s - 2333 = -44*g + 41*g, 1387 = 3*s + h*g. List the prime factors of s.
7, 67
Suppose 16*q + 117953 - 267260 = 158773. What are the prime factors of q?
5, 3851
Let o(l) = 268*l**3 - 4*l**2 - 74*l + 234. What are the prime factors of o(3)?
2, 3, 601
Suppose 0 = 10*t - 24*t + 94494 + 55558. List the prime factors of t.
2, 23, 233
Let h = 10 - 6. Suppose -h*v = 4*z + 316, 5*v + z + 163 = 3*v. List the prime factors of (-3 + -1)/(v/41 - -2).
2, 41
Let g(n) = -n - 3. Suppose 0 = -2*j + 3*x + 12, -3*j = -4*j + 2*x + 7. Suppose w = -w + 4*t - 42, j*t - 4 = -w. List the prime factors of g(w).
2
Suppose 5*c - 2*n - 273816 = 0, -5*c - 27880 = -3*n - 301694. What are the prime factors of c?
2, 13691
Suppose -3*m - 11*m + 235683 = 13*m. What are the prime factors of m?
7, 29, 43
Suppose 0 = d + 10*d - 40986. What are the prime factors of d?
2, 3, 23
Suppose 0 = 5*j + 4*u + 12, -4*u = u + 15. Suppose 69*l - 55*l - 6608 = j. List the prime factors of l.
2, 59
Suppose 0 = -2*c - 10, -2*l + 4*l - c = 15. Suppose 7 + l = i. Suppose 3*f - i + 0 = 0. List the prime factors of f.
2
Let g(l) be the third derivative of 7*l**5/60 - 17*l**4/24 + 8*l**3 - 39*l**2. Let b be g(8). Suppose -5*y = -10*y + b. What are the prime factors of y?
2, 3
Suppose -h = h + g - 9, 3*h = 2*g + 3. Suppose 2*k + 1360 = h*o - 0*k, -3*k = -o + 465. What are the prime factors of o?
2, 3, 5
Suppose -36*p = -37*p + a + 2801, 5*p = 4*a + 14000. Let l = p - 1364. What are the prime factors of l?
2, 179
Suppose -1973*x = -1969*x - 916. List the prime factors of x.
229
Let k(g) = 2*g - 19. Let r be k(8). Let u = 6 + r. What are the prime factors of 140 - (-3 + u)*(-1 + 2)?
2, 5, 7
Suppose 13*a - 717 - 453 = 0. Let t = 14 - 27. Let u = t + a. List the prime factors of u.
7, 11
Suppose -20*b = -8*b - 25956. List the prime factors of (b/(-84))/(-1 + (-22)/(-24)).
3, 103
Let h(z) = 4*z + 162. Let r be h(-42). Let k(c) = -2*c**3 - 5*c**2 - 12*c - 6. List the prime factors of k(r).
2, 3, 53
Suppose -38*i = 34*i - 303696. What are the prime factors of i?
2, 3, 19, 37
Let p(n) = -2*n**2 + 2*n + 996. Suppose 0 = -8*m - 16*m. What are the prime factors of p(m)?
2, 3, 83
Let c be (-9 + 10)/((-2)/(-16)). Suppose 3*t + 16 + c = 0. What are the prime factors of 499/7 - t/(-28)?
71
What are the prime factors of (3988*-12)/(-12) + 13?
4001
Suppose -7*l + 6*l = -2*v + 21994, -5*v - l + 55006 = 0. List the prime factors of v.
2, 5, 11
Let l(a) = a**2 - 17*a - 4. Let w be l(18). What are the prime factors of ((-1)/(-3))/(w/(-2751))*-2?
131
Let d(a) = -a**2 + 18*a + 15. Let u be d(13). Suppose -s - u - 68 = 0. List the prime factors of (s/7)/(6/(-21)).
2, 37
Suppose 0 = -2*p + 7*p + 3*l + 2119, 4*p + 1691 = -l. Let q = p + 1181. What are the prime factors of q?
3, 11, 23
Suppose -12*h + 80937 = 16*h - 5*h. What are the prime factors of h?
3, 17, 23
Let k(i) = 11*i**3 - 506*i**2 + 83*i + 62. List the prime factors of k(46).
2, 5, 97
Let n = -192 + 193. What are the prime factors of 99 + n/((-1)/(-2))?
101
List the prime factors of 3033 - (1 + 2) - 102/17.
2, 3, 7
Let g = 17979 + -8787. What are the prime factors of g?
2, 3, 383
Let z(o) = -1795*o - 3084. List the prime factors of z(-8).
2, 2819
Let w be (160/(-15))/(14/(-21)). Suppose -c + k + 1164 = 0, 1189 = -15*c + w*c + 4*k. List the prime factors of c.
7, 167
Let s = 1151 + 490. Suppose 0 = 5*d + 15, -5*d + 92 = 4*v - s. List the prime factors of v.
19, 23
Let r be -5 + 2*(1 + 5/(-2)). Let b be (-12127)/5 - r/20. What are the prime factors of 0 + 3/(-12) - b/20?
11
Let i(u) = -8*u. Let d be i(-1). Let z(p) = -4*p - 70. Let r(n) = -n - 34. Let g(k) = 9*r(k) - 4*z(k). List the prime factors of g(d).
2, 3, 5
Suppose -y + 2251 = c - 2316, -4*y + 18243 = -c. Let b = 6461 - y. What are the prime factors of b?
3, 211
List the prime factors of 41670/(-72)*(-204)/15.
17, 463
List the prime factors of -78159*-1*((-72)/27 - -3).
26053
Suppose 0 = -8*x + 29967 - 823. List the prime factors of x.
3643
Let b(d) = -d**3 - 25*d**2 + 81*d + 29. Let o(t) = 5*t - 43. Let g be o(3). List the prime factors of b(g).
113
Let q(n) = n + 2. Let y(v) = -83*v + 4. Let m(s) = -2*q(s) - y(s). List the prime factors of m(7).
13, 43
Let z be (-48)/72*(-15)/2. Suppose -398 - 2 = z*k. What are the prime factors of 